r). Suppose -6*z + h = o - 3*z, -2*o = -5*z. List the prime factors of o.
2, 5
Let n(k) = 32*k**2 - 1. List the prime factors of n(-1).
31
Let p = 9 - 0. What are the prime factors of p?
3
Let z = 251 - 139. What are the prime factors of z?
2, 7
Suppose -4*f - 5*b - 10 = 0, 3*b - b + 4 = 4*f. Let g = f - -11. List the prime factors of g.
11
Let u = 37 + 45. Let r = -43 + u. List the prime factors of r.
3, 13
Let f = 6 - 4. Suppose -2*h + 3*h - 35 = -5*a, -f*h = -a + 7. What are the prime factors of a?
7
Let u be (12/14)/((-6)/(-1974)). Suppose 6*d - u = -0*d. What are the prime factors of d?
47
Let x(o) = -o**2 - 2*o + 4. Let u be x(-2). Let q(g) be the second derivative of g**5/20 - g**4/4 - 2*g**3/3 + 5*g**2/2 + 2*g. List the prime factors of q(u).
5
Let n(l) = 6*l**3 - l**2 + 4*l. List the prime factors of n(2).
2, 13
Let d be -2 + 2/(-4)*4. Let u(c) = c**3 + 5*c**2 - 2. List the prime factors of u(d).
2, 7
Let x = 1 + -7. Let r = 17 - x. List the prime factors of r.
23
Let r(j) = -j + 2. Let y = -10 + 5. List the prime factors of r(y).
7
Suppose s + 0*s = -5*k - 8, 2*s + k - 2 = 0. Let h(j) = -9 - 5*j + 2*j + 5 + s*j - 4*j**2 + j**3. What are the prime factors of h(5)?
2
Suppose -4*t - 26 = b - 3, 5*b + 25 = -5*t. Let o be (-4)/6 + (-76)/t. Suppose -3*w + o = -w. List the prime factors of w.
2, 3
Suppose -c + v = -3*v - 4, -3*c = -5*v - 12. Suppose 3*l = 15, 3*n - 8 = c*n - 2*l. Suppose -44 = -4*m - n*g, 0*g + 2 = -g. What are the prime factors of m?
2, 3
What are the prime factors of (-18)/(-315)*-5 - 2025/(-7)?
17
Let h = 11 - 6. Let k = h + -3. What are the prime factors of -1 + k + 1 - -3?
5
Let d(b) = b**2 + 2*b. Let z be d(1). Suppose 4*r + v - 122 = 0, -4 = -5*v + z*v. List the prime factors of r.
2, 3, 5
Let h(i) be the third derivative of i**4/24 + i**3/3 - 3*i**2. What are the prime factors of h(0)?
2
Suppose -145 = -3*s - 40. List the prime factors of s.
5, 7
Let a be ((-8)/(-6))/(4/6). Suppose 1 + a = n. What are the prime factors of n?
3
Suppose 0*d + 5*r = -4*d + 27, -d = -5*r + 12. Let h(i) = -5*i + 4 + 0*i + 7*i. List the prime factors of h(d).
2, 5
Let r(c) = -c**3 + 4*c**2 + 7*c + 1. Let l(f) = f**3 - 8*f**2 + 2*f - 7. Let g be l(8). Let s = g + -4. What are the prime factors of r(s)?
11
Let k = 4 - 4. Suppose k = -3*p + 2*p. Suppose -5*x + 0 + 35 = p. List the prime factors of x.
7
Let q be (14 - 7)*(-4)/(-14). Suppose q*y = 8, 4*d - 16 = y - 3*y. List the prime factors of d.
2
Let q(i) = -2*i**3 - 2*i**2 - i. Let m be (4/10)/(2/20). Suppose 8 = 2*u - m*z, 2*u + 8 = -4*z - 8. What are the prime factors of q(u)?
2, 5
Let p = -89 + 184. List the prime factors of p.
5, 19
Let x(l) = -l**2 + 3*l - 1. Let q be x(3). List the prime factors of 27/2 + q/2.
13
Suppose -3*v = -v - 16. Suppose -j + v = -8. List the prime factors of j.
2
Suppose -3*a + 145 = 5*s, -3*s - 2*s = -3*a - 115. What are the prime factors of s?
2, 13
Let c be (-150)/(-9) + (-4)/(-12). Let j = c + -10. What are the prime factors of j?
7
List the prime factors of 0 - (3 - (59 - (-9)/3)).
59
Suppose 4*s = s + 117. What are the prime factors of s?
3, 13
Let v = -44 + 88. Suppose -p = p - v. List the prime factors of p.
2, 11
Suppose 2*s = -5*o - 0*o + 156, -4*o = 16. What are the prime factors of s?
2, 11
Suppose 730 = 4*s + 290. What are the prime factors of s?
2, 5, 11
Let b be ((-217)/(-3))/((-3)/9). What are the prime factors of b/(-6) - (-8)/(-48)?
2, 3
Let j(a) = -6*a + 7. Let m = 12 + -6. Let y be j(m). Let v = -18 - y. What are the prime factors of v?
11
Let w(c) = 0*c**3 + 6*c - c - 3 - c**3 + 4*c**2 + 6. Suppose 2*s - 5*s = -15. List the prime factors of w(s).
3
Let k(d) = -3*d**2 - 2*d. Let f be k(2). Suppose -u - z - 2 = 3*z, 44 = -5*u - 3*z. Let n = u - f. List the prime factors of n.
2, 3
Suppose -5*d + y + 29 = 2*y, 5*y - 19 = -4*d. List the prime factors of d.
2, 3
Let t be ((-1 - -2) + -1)/(-3). Suppose 3*l - 2*w = 9 - t, 2*l - 6 = 3*w. Suppose -v = -5*b + 46, 4*v + 7 + 7 = l*b. What are the prime factors of b?
2, 5
Suppose 2*w + 3*w - 50 = 0. Let c be (6/(-4))/((-3)/4). Suppose z - c = w. What are the prime factors of z?
2, 3
Suppose p - 2*m + 4 = 1, 0 = p + m - 6. Suppose 0 = -2*j + 6*j + p*o - 100, 0 = 4*j + 2*o - 104. List the prime factors of j.
2, 7
Suppose -10*z + 6*z = -180. What are the prime factors of z?
3, 5
Let q = 25 + 13. Suppose 5*m = -4*n + 22, 5*n - q = -m - 0*m. List the prime factors of n.
2
Let w(d) = d**2 - 2*d + 2. Let s be w(2). Suppose 0 = -2*a - s, -2*a = g - 3*a - 24. List the prime factors of g.
23
Let m be ((-12)/(-3) + 0)/2. Suppose 9 = -3*n, -6*h = -m*h + 2*n - 6. What are the prime factors of h?
3
Let q(z) = z**3 - 13*z**2 + 14. List the prime factors of q(13).
2, 7
Suppose 0 = -6*u + 3*u. Suppose 70 = -5*i + 5*q, 3*i + u*q + 34 = -q. List the prime factors of ((-1)/(-2))/((-1)/i).
2, 3
Suppose -4*q + 4 = 0, 0*i - 5*i - 5*q = -25. Let y(k) = 5*k - 2 - i*k - k**3 + 5. List the prime factors of y(0).
3
List the prime factors of -3*(-4)/(-12)*29*-1.
29
Suppose -93 = -5*g - 13. Suppose -2*a - 4*p = -g, -9 = -p - 2*p. Suppose 4*n - 6*c = -2*c + 4, -3*n = a*c - 23. List the prime factors of n.
5
Suppose 0 = 2*u - 4*i - 90, 2*u - 118 = -3*i - 35. List the prime factors of u.
43
Suppose 0 = 4*t + 10 - 2, -4 = -4*o - 2*t. Suppose i = o - 0. Suppose -2*l + 17 + 10 = 5*h, i*h = 3*l + 26. List the prime factors of h.
7
List the prime factors of 0/(-3) - 4/(-2)*229.
2, 229
Let k = -4 + -3. Let f = 9 + k. What are the prime factors of f?
2
Suppose -4*o + 11 + 9 = 0, 0 = -4*b - o + 1. Let p = 3 + b. List the prime factors of p.
2
Suppose -3*t - c = t - 21, 15 = 4*t + 3*c. Suppose -l + t = 2*l. List the prime factors of l.
2
Let p = 14 + -10. Suppose 19 = p*f - x - 2*x, 17 = 3*f - 5*x. Suppose 5*g - 4*r - 54 = 42, -3*g + 64 = -f*r. List the prime factors of g.
2
Let x = -9 + 3. Let y(k) = k**3 + 7*k**2 + 5*k - 3. Let z be y(x). What are the prime factors of (z/9 + 0)*15?
5
Suppose 0 = o - 6*o + 410. What are the prime factors of o?
2, 41
Suppose 0 = -2*c - 3*c. Suppose 5*d + 0*d + 5*q = 0, c = q - 2. List the prime factors of (-3 + -15)/d + 2.
11
Let k(a) = -a**3 - 9*a**2 - a - 22. List the prime factors of k(-11).
3, 7, 11
Suppose 3*a - 5*a + 2 = 4*l, l = -1. Suppose -a*d + 20 = 5, 0 = -2*j + 3*d - 13. Let q = 20 - j. What are the prime factors of q?
19
Let h(b) = b**2 + 5*b - 10. Let y be h(-7). Suppose 5*j = -y*d + 30, 7*d = -4*j + 4*d + 24. What are the prime factors of j/15 + (-48)/(-5)?
2, 5
Let i be (-12)/(4 + -5) + -4. Suppose -4*q + 180 = i. List the prime factors of q.
43
Suppose -3*o = -2*n, 0 = 3*n + o - 10 - 1. Let b be (-1)/8*-6*-4. What are the prime factors of 3 + n + (b - -2)?
5
Suppose 2*b - 5 = -i + 9, 4*i - 59 = -5*b. List the prime factors of (-53)/(-4) + 12/i.
2, 7
Suppose -15 = 3*z + 2*z. Let o be z - 0/(6/2). List the prime factors of 2 - (-2 - o) - -1.
2
List the prime factors of 0 + 11 - (-2 - -5).
2
Let l(o) be the first derivative of o**4/4 - 4*o**3/3 + o**2/2 + o + 2. Let m be l(4). Suppose m*j - 43 = -4*t + 10, 0 = j - 5. What are the prime factors of t?
7
Suppose 5 + 13 = -m. Let k = m + 29. What are the prime factors of k?
11
Let n = -95 + 50. Let h = -22 - n. What are the prime factors of h?
23
Let g = 13 + -5. Suppose -2*r = 2*r - g. Let o = 10 + r. List the prime factors of o.
2, 3
Suppose 4*j + 4*f = 296, -5*j + j + 4*f = -320. List the prime factors of j.
7, 11
Suppose 0 = u - 3*u + 2. What are the prime factors of -4*u + (41 - 1)?
2, 3
Let b = 4 - 7. Let k be 5 - -2*3/b. Suppose 0 = -k*l - 0*l + 9. List the prime factors of l.
3
Let x(w) be the third derivative of 2*w**2 + 0*w**4 - 1/10*w**5 + 0 + 1/2*w**3 - 1/120*w**6 + 0*w. What are the prime factors of x(-6)?
3
Suppose 2 = 5*i - 3, 5*q = 4*i + 96. Let z(h) = -h**2 + 5*h - 2. Let r be z(3). What are the prime factors of (q/(-35))/(r/(-14))?
2
Suppose -4*u + 52 = -176. List the prime factors of u.
3, 19
Suppose -3*b + 19 + 0 = -2*q, 0 = -b - 3*q + 21. Let o be 3/((b/24)/1). Suppose 4*x + g - 13 = -0*g, x = 2*g - o. What are the prime factors of x?
2
Let o(r) = 10*r + 27. Let p(d) = 7*d + 18. Let s(y) = 5*o(y) - 7*p(y). What are the prime factors of s(-4)?
5
Let f = -7 + 12. Let z = f - -35. What are the prime factors of z?
2, 5
Suppose